tors of r.
3
Suppose -18 = -3*t + 2*g, -4*t + 20 = -2*t - 4*g. What are the prime factors of (34/(-4))/(t/(-8))?
17
Suppose -39 = -4*o + 3*o. Suppose -4*t - o = -7*t. List the prime factors of t.
13
Let i = 3 + -7. What are the prime factors of 3 + -2 - (i + -12)?
17
Let a(v) = v - 8. Suppose 4*r - 21 = p, 13 = -2*r - r - 5*p. Let j be a(r). List the prime factors of j/(-10)*-1*-20.
2
Let v(f) = -1 + 0 - 8*f + 3 - 3. What are the prime factors of v(-1)?
7
Let s be 2/(-5) - (-152)/(-20). Let y(n) be the second derivative of n**5/20 + 3*n**4/4 + 4*n**3/3 + 9*n**2/2 + 2*n. What are the prime factors of y(s)?
3
Let z(k) = 3*k**2 + 18*k - 10. What are the prime factors of z(-7)?
11
Let k(m) = -2*m**2 - 63*m - 20. List the prime factors of k(-31).
11
Suppose -n = -33 - 72. What are the prime factors of n?
3, 5, 7
Suppose 0 = -m + 4, 4*b - 2*m - 39 = 17. Suppose -3*r = 2*a - 12, -5*a = 4*r - 0*a - b. What are the prime factors of r?
2
Let j be 6/(-4)*(-14)/(-21). What are the prime factors of (9 + 0)/1 + j?
2
Let b(d) be the first derivative of -d**5/60 + 3*d**4/8 + 4*d**3/3 - d**2/2 + 1. Let a(r) be the second derivative of b(r). What are the prime factors of a(9)?
2
Suppose 0 = -2*f + 5*u - 28, 2*u - u - 29 = 3*f. List the prime factors of (2 - f) + -2 + 4.
13
Let v(l) = -10*l**2 + 5*l - 6. Let z(y) = -y**2 - y + 1. Let n(x) = -v(x) - 6*z(x). What are the prime factors of n(1)?
17
Let t = 3 - -13. What are the prime factors of t?
2
Let g = 32 - -22. What are the prime factors of g?
2, 3
Let l = 19 - 17. Suppose -f - l*f = -90. List the prime factors of f.
2, 3, 5
Let r be ((-8)/(-6))/(4/6). Let f be (6/(-4))/((-6)/8). What are the prime factors of 0 + 13 - r/f?
2, 3
Let g be 5 + 1 - (1 - 0). Suppose 5*t - 25 = -g*b, 0 = -2*b + 2*t + 3 + 7. List the prime factors of 0/2 + b + 6.
11
Let n(i) = 2*i - 10. Let f be n(7). List the prime factors of f/6 - 25/(-3).
3
Suppose -4*z + 112 = -64. What are the prime factors of z?
2, 11
Let y = -81 - -115. List the prime factors of y.
2, 17
Let i(x) = x + 1. Let f be i(0). Let c(d) = f - d - d + d. List the prime factors of c(-5).
2, 3
Suppose -a = -6*a + p + 164, a = -2*p + 35. List the prime factors of a.
3, 11
Let z(x) be the second derivative of -x**3/2 + 7*x**2/2 - 3*x. Let f be z(7). List the prime factors of 2 + 1 + 0 - f.
17
Suppose -4*n = n - 5*s + 3330, -s - 1990 = 3*n. What are the prime factors of n/(-22) - 4/22?
2, 3, 5
Let w(a) = a**3 + 6*a**2 + 7*a + 9. Suppose -8 = h + h. List the prime factors of w(h).
13
Let u = 276 - 160. List the prime factors of u.
2, 29
Let q(f) = -14*f + 91. List the prime factors of q(-14).
7, 41
Let s = 28 - 2. Suppose -5*o - s = -7*o. Let d = -5 + o. List the prime factors of d.
2
Suppose 0 = 5*n + 5*g - 0*g - 1335, 4*g = 5*n - 1362. What are the prime factors of n?
2, 3, 5
Suppose 0*g = -4*g + 72. Suppose 2*t - 90 = -3*t + 4*x, -4*x - g = -t. What are the prime factors of t?
2, 3
Suppose 4*s + 3 = 7. Let k(w) = 13*w - 1. Let m be k(s). Suppose -5*a - 5 = -5*v, -m = v - 4*a + 2. List the prime factors of v.
2, 3
Suppose -f = -2*a + 6, 0 = -4*f + 5*a - 23 + 2. Let m = f - -12. List the prime factors of m.
2
Suppose 3*a = 3, -5*a = 2*f - 129 - 22. List the prime factors of f.
73
Suppose 18*w - 3245 = 553. List the prime factors of w.
211
Let d = 96 + -29. List the prime factors of d.
67
Let k = 27 - -12. Let f = k + -18. What are the prime factors of f?
3, 7
Suppose -4*i + 45 = i. What are the prime factors of i?
3
Suppose -1391 = d - 14*d. List the prime factors of d.
107
Let x be 2/1 - (-6 - -3). List the prime factors of (3 + 4)/(1/x).
5, 7
Let f = -3 + 3. Suppose 0 = 4*i + i - 15. Let r = i - f. What are the prime factors of r?
3
Let j(l) = -35*l**3 - 2*l - 1. What are the prime factors of j(-1)?
2, 3
Suppose -5 = -f - 0*w + 2*w, 5*f = -4*w + 11. Suppose -f*t + 66 = -4*p + 21, t - 5*p = 15. List the prime factors of t.
3, 5
List the prime factors of 244*(12/36)/((-4)/(-6)).
2, 61
Let i be 140/7 - 2/(-2). Suppose 4*a = 3*a + i. List the prime factors of a.
3, 7
Let o(k) = -k**3 - 3*k**2 + 5*k + 6. Let v(n) = -n**3 + 4*n**2 - 2*n + 4. Let s be v(4). What are the prime factors of o(s)?
2
Let c(x) = x**2 - 7*x + 6. Let t be c(9). Suppose -2*h + 0 = t. Let i = -7 - h. What are the prime factors of i?
5
Suppose 5*r - l = 2*l + 1342, 0 = r - 3*l - 266. What are the prime factors of r?
269
Let v(m) = m - 1. Let b = -3 + 7. Let k be v(b). Suppose -k*c + 4*c = 12. List the prime factors of c.
2, 3
Suppose -b + 4*y + 4 = -2*b, 3*b - 18 = -2*y. Suppose -d + 3*d = -b. What are the prime factors of (d - 0)*5/(-4)?
5
List the prime factors of -2*(-76)/40*5.
19
Let r be 2/10 - 36/(-45). Let h(w) = 51*w - 1. Let k be h(r). Let b = k - 33. What are the prime factors of b?
17
Let r(p) = -3*p - 3. Let d(a) = 7*a + 6. Let m(c) = -4*d(c) - 9*r(c). List the prime factors of m(-6).
3
Suppose -1247 = -5*a - 4*k, 2*k - 7*k = -15. List the prime factors of a.
13, 19
Let h = -96 + 167. List the prime factors of h.
71
Let v be 18/4 + 3/6. Suppose -v = -c + 3. Suppose -5*q = -c*q + 48. What are the prime factors of q?
2
List the prime factors of 4/(-14) - 9945/(-91).
109
What are the prime factors of (-4)/(1*2/(-59)) + 0?
2, 59
Let f(b) = 8*b + 4. List the prime factors of f(3).
2, 7
Let k = 3 + -1. Suppose 0 = 3*g - 2*g - 5*t - 4, t = k*g - 44. What are the prime factors of g?
2, 3
Let p(u) be the third derivative of -u**6/120 + u**5/20 - u**4/24 + u**3/3 + 7*u**2. List the prime factors of p(2).
2
Let r(t) = -t**2 - 11*t - 12. Let c be r(-9). Suppose 0 = -5*x - c + 26. What are the prime factors of x?
2
Let t(d) = 2*d - 8. Let v be t(7). Let p(z) = -2*z**3 + 3*z**3 - 7*z**2 + 7*z - 2 + 4. What are the prime factors of p(v)?
2
Let r(i) = 6 - i**2 - 12*i + 12*i. What are the prime factors of r(0)?
2, 3
Let u(g) = -g**2 - 3*g + 2. Let j be u(-3). Suppose -q + j = 2*r - 2, -4*r = -q - 8. Suppose -r*d + 19 = -11. List the prime factors of d.
3, 5
Let v(y) be the third derivative of y**6/120 + 7*y**5/60 - y**4/12 - 5*y**3/6 + 2*y**2. What are the prime factors of v(-7)?
3
Suppose 4*h - 3*u + 20 = -2*u, 25 = -5*h + 5*u. Let y = 34 + -19. List the prime factors of ((-18)/h)/(6/y).
3
Let l = -131 - -183. List the prime factors of l.
2, 13
Let y = 76 - 29. Let g = y + -34. What are the prime factors of g?
13
Let u be (-1 - -2)/(3/6). Suppose 0 = 2*q - 2*c - 80, -u*q + 4*c + 124 = q. List the prime factors of q.
2, 3
What are the prime factors of -2*1 + (-3792)/(-16)?
5, 47
Let y be -6*(-1)/(-4)*-6. Let o = y - 7. List the prime factors of (-10)/15*(-45)/o.
3, 5
Suppose -8*a = -9*a + 108. List the prime factors of a.
2, 3
Suppose 316 - 91 = 3*p. Let l = -41 + p. What are the prime factors of 3/(-6) + l/4?
2
Suppose -28 = -2*t + 20. List the prime factors of t.
2, 3
Suppose 3*x - 4*p = 4, -4*p + 4 = -2*p. What are the prime factors of x?
2
Let q(m) = 6*m**2 - 2*m - 2. Let d be (7 - 8)/(2/(-4)). What are the prime factors of q(d)?
2, 3
Suppose z - 42 = -4*p + 43, -288 = -4*z - 3*p. List the prime factors of z.
3, 23
Let l = -116 + 213. Suppose 4*a - l = -5*q - 0*a, -66 = -3*q - 5*a. What are the prime factors of q?
17
Suppose 5*a + v = -210, -2*a - 2*v - 76 = -0*v. Let t = a - -61. List the prime factors of t.
2, 3
Let y(n) = -11*n**3 - 2 - n - n**2 + 2*n**2 - 23*n**3. What are the prime factors of y(-1)?
2, 17
Let v be 2/(-2) + 1 + -2. Let s(p) = -4*p**2 + 1 + 6*p**2 - 3*p**2 - 2*p**3 + 2*p - 2. What are the prime factors of s(v)?
7
Let a = -74 - -338. List the prime factors of a.
2, 3, 11
Suppose l + 3*l - 288 = 4*i, i - 66 = -l. What are the prime factors of l?
3, 23
List the prime factors of 351/3 - 3*2/(-3).
7, 17
Let t(a) = 4*a**2 + 2*a. Let x(r) = -r. Let d be x(2). List the prime factors of t(d).
2, 3
Let y = -76 - -160. Suppose -4*x - 66 = -3*s, y = 2*s + 2*s - 4*x. Suppose s + 7 = 5*l. List the prime factors of l.
5
Let q(d) = d**2 + 5*d - 4. Let x be q(-5). List the prime factors of x/6 - (-53)/3.
17
Let g = -47 + 66. List the prime factors of g.
19
Suppose 0 = -2*a - 4 - 0. Let n(j) be the first derivative of -3*j**4/4 - 4*j**3/3 - 3*j**2/2 - j + 4. What are the prime factors of n(a)?
13
Suppose -503 = -3*f - 5*k, -2*k = -3*f + 2*f + 175. What are the prime factors of f?
3, 19
Suppose 3*m - 1